*2 + 5*l + 6. Let d(c) = -2*c**2 + 21*c - 3. Let p be d(10). Determine t(p).
-8
Let v(y) = y**2 - 5*y + 2. Let i be v(5). Let b be 0/(-1 + i) + -2. Let o(j) = -j**3 - 2*j - 2. Determine o(b).
10
Let h = 9 + -6. Suppose -h*u = -u + 12. Let w(a) = -a + 2. Give w(u).
8
Let v be (-1)/(-5) - (-33)/(-15). Let n(q) = q**3 + 3*q**2 - 1. Give n(v).
3
Let a(w) = -w - 2. Suppose -3*j - 3*t = -t - 14, j + 4*t - 8 = 0. Let f(d) = 2*d**3 - d + 1. Let n be f(1). Let q be 10*(10/j - n). Give a(q).
-7
Let f(r) = r**3 + 6*r**2 + 6*r + 2. Suppose 5*z + 9 = -31. Let s(j) = -j**3 - 7*j**2 + 9*j + 3. Let h be s(z). Give f(h).
-3
Let a(r) be the second derivative of 3*r + 1/3*r**3 - 3/2*r**2 + 0. Give a(3).
3
Let z = -19 + 23. Let p(c) = -c**2 + 3*c - 4. What is p(z)?
-8
Let g(s) = 4*s**2 - 6*s + 4. Let n(x) = 3*x**2 - 6*x + 3. Let w(h) = 2*g(h) - 3*n(h). Determine w(6).
-1
Let o be (-8)/10*(7 - 38/4). Suppose -6 = -3*j, 2*q - 3*j = 7*q - 1. Let p(c) = c. Let l(u) = 4. Let a(n) = o*p(n) + q*l(n). Give a(4).
4
Let s(j) = -j + 0*j**2 - 2*j - 7 - 5*j - j**2. Suppose 0 = 4*u + 20. Calculate s(u).
8
Let o(f) be the third derivative of -1/12*f**4 - 8*f**2 + 0 + 1/120*f**6 + 0*f - 1/15*f**5 + f**3. Determine o(4).
-2
Let n(j) be the third derivative of 0*j - 2*j**2 + 1/60*j**5 + 1/2*j**3 + 1/6*j**4 + 0. Suppose 0 = -3*b - 15, 9 + 0 = 4*t - 5*b. Give n(t).
3
Let y(w) = -2*w - 1. Let q(k) = -k**3 + 6*k + 2. Let s(c) = 2*c**3 - 11*c - 3. Let i(h) = -5*q(h) - 3*s(h). Let a be i(2). What is y(a)?
5
Let j(l) = -l**3 + l**2 + 3*l + 4. Let o be j(3). Let x(p) = -4*p**2 + 0 - p**3 + 1 + p + 5*p. Calculate x(o).
-4
Let v(s) = -11*s - 1. Suppose 4*n - 2 = 2*l, 2*n = 6*n - 4. What is v(l)?
-12
Suppose -2*l + 4*o = 8*o - 8, -2*l = o - 2. Let t(h) be the second derivative of h**5/20 + h**4/12 - h**3/6 + 7*h**2/2 + h. Determine t(l).
7
Suppose -5*p + v - 38 = 2*v, 4*p + v + 30 = 0. Let f = -3 - p. Let q(o) = -o**2 + 6*o + 2. Calculate q(f).
7
Let w(i) = -4*i + i + 2 + 4*i + 1 - i**2. Determine w(4).
-9
Let c(r) = 0*r**2 - 3*r**2 - 2*r**2. Determine c(1).
-5
Suppose 8 = -2*o, 0*m - 33 = 5*m + 2*o. Let c(x) = x**3 + 6*x**2 + 7*x + 7. What is c(m)?
-3
Let j(t) be the third derivative of -t**8/20160 + t**7/5040 + t**6/120 - t**5/12 + 5*t**2. Let q(z) be the third derivative of j(z). Give q(0).
6
Let g(x) = -x**2 - 5*x + 7. Let w be g(-6). Let z be 1/w - (-1 + 2). Let k(u) = -u - 6. What is k(z)?
-6
Let d(k) be the second derivative of -k**5/20 + 2*k**4/3 - 7*k**3/6 + 9*k**2/2 + 10*k. Give d(7).
9
Let r be ((-8)/(-10))/(4/10). Let s = r - 1. Let p(q) = -8*q**2 - q + 1. Determine p(s).
-8
Let l(h) = 4*h**2 - h**3 - h**2 - 4*h + 5*h**2 + 4 - 3*h**2. Let p be l(4). Let z(t) = 0*t**2 + 2*t**2 - 4*t - t**2. Determine z(p).
0
Let b(o) be the first derivative of o**3/3 - 7*o**2/2 - 13*o + 89. Suppose 3*i - 2*i = -g + 11, 0 = -4*g + 5*i + 26. Determine b(g).
5
Let t(w) be the first derivative of w**2 - 9. Calculate t(4).
8
Let a(t) = 3*t**2 + t. Let y be (-6)/(-8) - 6/8. Let k = 2 - y. Let i be -2 + k + -2 + 0. Give a(i).
10
Let p(l) be the first derivative of l**2/2 + 1. Suppose 3*v - 6 = -3*b, -v - v + 4 = 3*b. Suppose -3*u + 7*u = v*q + 6, 15 = 3*q + 2*u. What is p(q)?
3
Let s(y) = y - 11. Let f be s(6). Let t(n) = -2*n - 2. Calculate t(f).
8
Let y(q) = q**3 + 6*q**2 - 8*q - 8. Suppose 4*t + 43 = -5*o, 0 = 5*t - 5*o + 6 + 14. What is y(t)?
-1
Let t be ((-3)/5 + 1)*5. Let o(y) = 3 + 2*y + t*y + y - 6*y. Calculate o(5).
-2
Let s be ((-28)/(-6))/(8/(-12)). Let m = s - -11. Let j(w) = w**3 - 3*w**2 - 6*w + 2. Calculate j(m).
-6
Let o(v) be the second derivative of v**4/12 + v**3/3 - v**2 - 2*v. Let p(k) = -k**3 - 5*k**2 - 4*k - 4. Let j be 6*2/6*-2. Let x be p(j). Give o(x).
6
Let u(r) = 9*r - 15*r + 3*r + 4*r + 4. Calculate u(-4).
0
Suppose -5*h + a = -0*a + 15, 2*a = -4*h + 2. Let w(x) = x. Let l(y) = 4*y - 2. Let q(j) = l(j) - w(j). Calculate q(h).
-8
Let y(m) = -27*m**2 + 2*m**3 + 24*m**2 + 0*m**3. Let n(p) = 2*p**2 + 3*p. Let s(v) = -v - 8. Let h be s(-6). Let j be n(h). Determine y(j).
4
Let z(m) = 20*m**2 + m - 12*m**2 + 2 - 7*m**2. Give z(0).
2
Suppose -18 = -4*f - 6. Let k(u) = u + u**2 + 1 - 1 + 1. Let y(j) = -6*j**2 - 3*j - 5. Let g(c) = 5*k(c) + y(c). Give g(f).
-3
Let b be (-22)/(-10) - 5/25. Let n = -2 + b. Let t(m) = -6*m**2 + 2 + 0 + 2*m**2 + 3*m**2. Calculate t(n).
2
Let h(b) = -b**3 - 3*b**2 + 5*b + 6. Let r(q) = -q**3 - q**2 - q - 2. Suppose -t + 3 = 5. Let j be r(t). Let x = -8 + j. What is h(x)?
2
Let s be 2/(0 + 1) + -8. Let u(q) = q + 1. Let c(f) = 5*f + 8. Let z(r) = s*u(r) + c(r). Determine z(5).
-3
Suppose 10 = 5*q - 10. Suppose d + d - q = 0. Let z(m) = 7 - 9 + 2*m**2 - 3*m**2. What is z(d)?
-6
Let b be -18*(-1)/4 + -3. Let t(g) be the first derivative of -b*g**2 + 0*g - 3. Give t(-2).
6
Let i(t) be the third derivative of -t**6/120 - t**5/12 - t**4/4 - 2*t**3/3 - 4*t**2. Let k = 6 + -5. Let r(s) = -4*s**2. Let a be r(k). Calculate i(a).
4
Let k(a) = -a**2 + 6*a + 5. Let o(h) = -4*h**2 + 24*h + 21. Let v(q) = 9*k(q) - 2*o(q). What is v(5)?
8
Let j be (-141)/(-27) - (-2)/(-9). Let t(y) = 2*y**2 + 6*y - 3 - 4*y**2 + y**2. Give t(j).
2
Let w(n) = -n + 5. Let l be w(5). Suppose -12 = 2*a - l*a. Let g(v) be the first derivative of v**3/3 + 2*v**2 - 6*v + 6. What is g(a)?
6
Let r(q) be the first derivative of -q**4/24 + q**3/3 - 3*q**2/2 - 1. Let n(j) be the second derivative of r(j). Let o(t) = -t + 7. Let i be o(6). Give n(i).
1
Let q(u) = 26 - 30 + 0*u - u. Give q(4).
-8
Suppose -8 = -8*y + 6*y. Let d(k) = -1 + 2 - y*k + k + 4*k. Let q = -5 - -1. Give d(q).
-3
Let h be (-282)/(-10) + (-1)/5. Suppose 5*j + c = -15, -h = 2*j - 4*c - 0*c. Let x(d) be the second derivative of -d**4/12 - 5*d**3/6 + d**2 - 9*d. Give x(j).
6
Suppose -7*y + 4*y = -18. Let t(o) be the second derivative of -1/6*o**3 + 4*o**2 + 2*o - 1/20*o**5 + 0 + 1/2*o**4. Give t(y).
2
Let l(r) = 4*r + 1 + 2*r**2 - 3*r**2 + 6. Let k be (-3 - -3) + 8 + -2. Calculate l(k).
-5
Let c(o) = -o**3 - 5*o**2 + 7*o + 6. Let n = 19 - 25. Calculate c(n).
0
Let d = 4 + -7. Let i = -8 - d. Let c(u) = -u**2 + u. Let z(l) = -l**3 + l**2 - 5*l + 2. Let x(j) = -6*c(j) - z(j). Give x(i).
3
Let d(n) = 5 + 3*n - 10 - 8 - 2*n. Give d(8).
-5
Let z(v) = -1. Let b(p) be the second derivative of -p**3/6 - 3*p**2 + p. Let f(m) = -b(m) + 4*z(m). What is f(-3)?
-1
Let m(d) be the third derivative of -d**9/30240 + d**5/20 - 6*d**2. Let c(p) be the third derivative of m(p). Calculate c(1).
-2
Let t(u) = -u**3 + 3*u**2 + 1. Let v be 6*(5/2 + -2). Let y be t(v). Suppose 3*w - 2*x = 2*x, 2*w - y = 3*x. Let j(b) = -3*b - 5. Give j(w).
7
Let d(m) = -m**2 + 6*m. Let a be d(5). Let b = -6 + 4. Let o = a + b. Let j(n) = -2*n - 1. Calculate j(o).
-7
Let q(h) = -h. Suppose -4*y + 3*d = 8, -y + 0*y + 3*d = -7. Give q(y).
5
Let t(c) be the third derivative of c**6/120 + c**5/15 - 5*c**4/24 + 5*c**3/6 - 3*c**2. Let j(w) = -w - 4. Let n be j(1). Calculate t(n).
5
Let a(i) = i**2. Suppose n - 6 = -n. Suppose -n*s = d - 0*d - 6, 4*d - 10 = 2*s. Suppose v = 2*v - d. Give a(v).
9
Let g(n) be the second derivative of 1/6*n**3 - 7*n + 0 + 1/2*n**2. Give g(2).
3
Let h(d) = d**3 - d**2 - d - 6. Let w(m) = -33*m + 9 + 15*m + 19*m. Let q be w(-9). Determine h(q).
-6
Let q(c) = -c**2 + 4*c + 5. Let b be q(5). Let v = 4 - b. Let g(u) = u. Calculate g(v).
4
Suppose q = -3*r - 5, q = -3*r - 2*q + 3. Let y(v) = 3*v - 2*v - 7*v**2 + 8*v**2. Determine y(r).
6
Let w(m) = m + 2. Suppose -s + 40 = -9*s. Determine w(s).
-3
Suppose -5 = -8*o + 3*o. Let g(f) = f**3 - 3*f**2 + 1. What is g(o)?
-1
Let f = 23 - 8. Suppose -t = 4*v + 5, -4*t - f = -5*v - t. Let w(h) = v*h - 2*h - h**2 + 0*h**2. What is w(-4)?
-8
Suppose -16*g + 14*g = 12. Let o(y) = 7*y + 3*y**2 + 0*y**2 + 5 - 2*y**2. Determine o(g).
-1
Let y(j) = 4*j**2 + 11*j + 2. Let b be y(-3). Let o(r) = r**3 - 5*r**2 + r + 5. What is o(b)?
10
Let n be 2*((-21)/(-6) + -4). Let y(b) = b. Let l(p) = 5*p - 6. Let t(w) = n*l(w) + 6*y(w). Give t(-5).
1
Let x(y) = y**2 - 7*y + 3. Let j be x(7). Let b(o) = o - 5*o + 3*o - 4*o**2 - o**j + 0*o. Give b(-2).
-6
Let b = -3 + 0. Let q(p) be the third derivative of -p**5/15 - p**4/8 - p**3/6 - p**2. Let w(m) = -9*m**2 - 7*m - 3. Let h(r) = 7*q(r) - 3*w(r). Calculate h(b).
-7
Let t be ((-20)/(-